, what is -21 - 10111101212?
-10111102010
In base 15, what is -44 + 275a70?
275a2b
In base 9, what is -154420 + -415?
-154835
In base 8, what is 3107030113 - 3?
3107030110
In base 10, what is 1034 + -426792?
-425758
In base 3, what is -1120120110202200 - -22?
-1120120110202101
In base 2, what is -110100010111110001011111 + -1100?
-110100010111110001101011
In base 14, what is 611 + -1537?
-d26
In base 2, what is -1011000001 - 1110000010?
-11001000011
In base 9, what is -17082076 - 6?
-17082083
In base 10, what is -11058419 - 8?
-11058427
In base 9, what is 236 + 201663?
202010
In base 15, what is 432dc - b2?
4322a
In base 3, what is 1 - -1011200122000120?
1011200122000121
In base 16, what is -259 - -705c?
6e03
In base 13, what is 59b81a - -36?
59b853
In base 4, what is -21300301220131 + -2?
-21300301220133
In base 11, what is -2 + -2471614?
-2471616
In base 16, what is 99c0 + -1fc6?
79fa
In base 11, what is 9139 + -a66?
8183
In base 7, what is 160 - 26503653?
-26503463
In base 5, what is 2132233 - -100131?
2232414
In base 9, what is -3243377 + -3?
-3243381
In base 13, what is 893 + 14a650?
14b213
In base 9, what is 163 + 572241?
572414
In base 9, what is -2 + 28662810?
28662807
In base 3, what is -12022020222122 + -200?
-12022021000022
In base 13, what is -11 + 8cc688?
8cc677
In base 9, what is -2 - 13630073?
-13630075
In base 16, what is -d9202c + 5?
-d92027
In base 14, what is 2d + 157c3d?
157c6c
In base 6, what is 2051310525 - 3?
2051310522
In base 14, what is -6908 + -177?
-6a81
In base 12, what is -2b - 168ab2?
-168b21
In base 4, what is 2013202200 + -2130?
2013200010
In base 5, what is 1210 + -130021131?
-130014421
In base 8, what is 4554 - -1630?
6404
In base 11, what is -21a365 + 10?
-21a355
In base 13, what is 2a6 + a724?
a9ca
In base 11, what is 1 - 24aaa3?
-24aaa2
In base 16, what is 30a7 + -240?
2e67
In base 12, what is -82 + -4781?
-4843
In base 6, what is 313452004 - -134?
313452142
In base 16, what is 16a3 + -77f?
f24
In base 8, what is 4 - 42732220?
-42732214
In base 7, what is -104001 - 16603?
-123604
In base 8, what is -134575633 + 4?
-134575627
In base 12, what is -63a81 + a?
-63a73
In base 16, what is -6 - -1ce16f9?
1ce16f3
In base 10, what is -13173 - 3079?
-16252
In base 4, what is 1033203011 + -112?
1033202233
In base 14, what is 1c4c - -138?
1d86
In base 15, what is 38 - -1bb7d?
1bbb6
In base 10, what is 808 + -12605?
-11797
In base 9, what is -201588 + 4858?
-185630
In base 2, what is -1101001111 - -10010100111110111111?
10010100110001110000
In base 7, what is 10 + -1212532?
-1212522
In base 3, what is 22202 + 20120101100000?
20120101122202
In base 16, what is -11b + 412a?
400f
In base 5, what is 20 + 341423122?
341423142
In base 15, what is -33 - 32aee?
-32b32
In base 10, what is 214919 - 1231?
213688
In base 16, what is -19 - -1abcf?
1abb6
In base 7, what is -11456 + 53605?
42116
In base 9, what is -27 - 1323368?
-1323406
In base 15, what is ed8 - 83d?
69a
In base 7, what is -1060020 + 10341?
-1046346
In base 15, what is 5 + -282c16?
-282c11
In base 3, what is 121222022101 + -20112?
121222001212
In base 2, what is -101100000110011 - 111001000010?
-110011001110101
In base 15, what is 820 - 20bc?
-179c
In base 6, what is -43331120 + 2?
-43331114
In base 13, what is -15 + -2310907?
-231091c
In base 13, what is 144a30 + 3?
144a33
In base 12, what is -26596a + 2?
-265968
In base 3, what is -120102022020 + -1022?
-120102100112
In base 15, what is -4 - -15c0d6e?
15c0d6a
In base 5, what is -14 + 2442430020?
2442430001
In base 9, what is -1588 - 413204?
-414803
In base 16, what is 7 - -97efe06?
97efe0d
In base 9, what is -1346136 + 2?
-1346134
In base 8, what is -2225246121 + -4?
-2225246125
In base 2, what is -100011 - -1011110110111010001?
1011110110110101110
In base 7, what is 2415302031 + -5?
2415302023
In base 7, what is 115 + -115412403?
-115412255
In base 12, what is -95859 - -15?
-95844
In base 4, what is 2 + 222131012010?
222131012012
In base 14, what is -11 + -314692a?
-314693b
In base 10, what is -8692120 + 6?
-8692114
In base 7, what is 34131206 - -6?
34131215
In base 3, what is 201001121 - -210100?
201211221
In base 16, what is -1062 + 7477?
6415
In base 7, what is 120 + -330334?
-330214
In base 2, what is 1010100 - 110110110001010100101?
-110110110001001010001
In base 11, what is 263 - -4782?
4a35
In base 14, what is -12 - 64b8bb?
-64b8cd
In base 5, what is -2234410010 - 10?
-2234410020
In base 3, what is -202221110021 - -1?
-202221110020
In base 6, what is 11421 + -242511?
-231050
In base 10, what is 0 - -77360885?
77360885
In base 10, what is 15 + 3946116?
3946131
In base 6, what is 105014 + -355503?
-250445
In base 4, what is 221212101 - 1120320?
220031121
In base 5, what is 24000 + -100311?
-21311
In base 16, what is -2 + 3c3b69?
3c3b67
In base 4, what is 101220130221 + 10?
101220130231
In base 7, what is -64 + -4165642?
-4166036
In base 15, what is 1020b8d + -4?
1020b89
In base 6, what is -121245543404 - 4?
-121245543412
In base 9, what is 482356 - 14?
482342
In base 13, what is -42295513 + -5?
-42295518
In base 9, what is -77577 + 1003?
-76574
In base 10, what is 12 - -11501579?
11501591
In base 5, what is -444400 + 40?
-444310
In base 3, what is 2100120202212 + 1?
2100120202220
In base 16, what is b5ce632 + -3?
b5ce62f
In base 2, what is 1101010 - -111000101100110010?
111000101110011100
In base 7, what is -10 - -22420064?
22420054
In base 4, what is 130312003001 + -1?
130312003000
In base 10, what is -8269629 - 2?
-8269631
In base 11, what is -166403 + 41a?
-165a94
In base 12, what is 2161 + 1482?
3623
In base 3, what is -10012 - -10102012002?
10102001220
In base 6, what is -2145231131 + 14?
-2145231113
In base 5, what is 4 + 214413034240?
214413034244
In base 13, what is 35 - 14019?
-13cb4
In base 16, what is -4b33 + -175?
-4ca8
In base 15, what is -91 - -3aa82c?
3aa78b
In base 7, what is 11544315 + -1346?
11542636
In base 11, what is 1 + 19414200?
19414201
In base 14, what is -2d2c710 - 6?
-2d2c716
In base 3, what is 11202122 - -222012202?
1010222101
In base 5, what is 124333113132 - -13?
124333113200
In base 9, what is -27 - -525542?
525514
In base 12, what is 10 + -1239b?
-1238b
In base 15, what is -3 + -741198?
-74119b
In base 8, what is 7722 - 30514?
-20572
In base 13, what is 2c36ba55 + 1?
2c36ba56
In base 7, what is 212022 - 105?
211614
In base 7, what is 2020162500 + -1?
2020162466
In base 11, what is -18137672 + 8?
-18137665
In base 14, what is 4b6 - -10401?
108b7
In base 6, what is 2334 - -21235?
24013
In base 5, what is -20001412340 + 10?
-20001412330
In base 12, what is -57a - 13a26?
-143a4
In base 11, what is -37 + -175365?
-1753a1
In base 9, what is 112326785 - -5?
112326801
In base 12, what is -1339 + 1070b?
b392
In base 13, what is -54 + 4bb27?
4baa3
In base 5, what is -40 - -43011211?
43011121
In base 5, what is -3 - -101002110021?
101002110013
In base 8, what is -13143605503 - 5?
-13143605510
In base 9, what is 1 - -62402234?
62402235
In base 8, what is -535 - -110255?
107520
In base 2, what is -11000001001001001100011 + 1?
-11000001001001001100010
In base 11, what is 13684923 + 5?
13684928
In base 6, what is -400150 - 2154?
-402344
In base 6, what is -2035433 - -5?
-2035424
In base 16, what is -9a787f + 0?
-9a787f
In base 9, what is 218613335 + 1?
218613336
In base 10, what is 7679 - -116964?
124643
In base 13, what is -5 + -906672?
-906677
In base 10, what is 40382410 - -5?
40382415
In base 16, what is 7f472 - 201?
7f271
In base 9, what is -115 + 5841308?
5841183
In base 10, what is -92335003 - 4?
-92335007
In base 3, what is -2 + -22010220111022?
-22010220111101
In base 14, what is 1d - a994d?
-a9930
In base 6, what is 32 + -12402545?
-12402513
In base 7, what is -12403541 + -44?
-12403615
In base 10, what is -78281957 - 0?
-78281957
In base 6, what is -1120431 + 505?
-1115522
In base 7, what is 13320250544 + 2?
13320250546
In base 16, what is 1c366 - 1d4?
1c192
In base 10, what is 45 - -1078300?
1078345
In base 11, what is 365 + 91a34?
92299
In base 4, what is 3032120333010 - 3?
3032120333001
In base 16, what is 147 + 105d?
11a4
In base 8, what is 536 - 67120?
-66362
In base 8, what is 112462560 + 5?
112462565
In base 7, what is 3124 - 50224?
-44100
In base 3, what is 1011101001